{"id":120,"date":"2020-01-25T15:02:00","date_gmt":"2020-01-25T15:02:00","guid":{"rendered":"http:\/\/fh.web109.s217.goserver.host\/?page_id=120"},"modified":"2026-04-13T14:05:37","modified_gmt":"2026-04-13T14:05:37","slug":"test","status":"publish","type":"page","link":"https:\/\/franziska-huber.de\/","title":{"rendered":""},"content":{"rendered":"\n<div class=\"wp-block-group\"><div class=\"wp-block-group__inner-container is-layout-flow wp-block-group-is-layout-flow\">\n<div class=\"wp-block-group\"><div class=\"wp-block-group__inner-container is-layout-flow wp-block-group-is-layout-flow\">\n<div class=\"wp-block-columns is-layout-flex wp-container-core-columns-is-layout-1 wp-block-columns-is-layout-flex\">\n<div class=\"wp-block-column is-layout-flow wp-block-column-is-layout-flow\" style=\"flex-basis:100%\"><div class=\"wp-block-image is-style-default\">\n<figure class=\"aligncenter size-large\"><img loading=\"lazy\" decoding=\"async\" width=\"427\" height=\"640\" src=\"https:\/\/migration.franziska-huber.de\/wp-content\/uploads\/2021\/01\/Franziska-Huber-Bild-1.jpeg\" alt=\"\" class=\"wp-image-393\" srcset=\"https:\/\/franziska-huber.de\/wp-content\/uploads\/2021\/01\/Franziska-Huber-Bild-1.jpeg 427w, https:\/\/franziska-huber.de\/wp-content\/uploads\/2021\/01\/Franziska-Huber-Bild-1-200x300.jpeg 200w\" sizes=\"(max-width: 427px) 100vw, 427px\" \/><\/figure><\/div>\n\n\n<div class=\"wp-block-group\"><div class=\"wp-block-group__inner-container is-layout-flow wp-block-group-is-layout-flow\">\n<p>Herzlich Wilkommen in meiner Praxis in Gauting. Ich behandle Kinder und Erwachsene nach einem wertsch\u00e4tzenden ganzheitlichen Konzept.<\/p>\n\n\n\n<p class=\"has-text-align-center\"><strong>Medizin auf Augenh\u00f6he &#8211; kompetent &#8211; empathisch &#8211; l\u00f6sungsorientiert !<\/strong><\/p>\n\n\n\n<p>Viele meiner Patient:innen haben erlebt, dass ihr K\u00f6rper mehr aushalten musste, als gut f\u00fcr ihn war \u2013 durch fr\u00fche Belastungen, schwere Erkrankungen oder intensive medizinische Behandlungen.<br>Als \u00c4rztin arbeite ich traumainformiert mit Kindern und Erwachsenen, deren Beschwerden sich k\u00f6rperlich, psychosomatisch oder emotional zeigen.<br>Im Mittelpunkt steht f\u00fcr mich, wieder Sicherheit im eigenen K\u00f6rper zu erm\u00f6glichen und Heilung in kleinen, tragf\u00e4higen Schritten zu unterst\u00fctzen.<\/p>\n\n\n\n<p>Rufen Sie gerne an: <strong>0179 7767364<\/strong> oder schreiben einen e-mail an <strong>praxishuber@posteo.de<\/strong>. Weitere Infos unter <a href=\"https:\/\/migration.franziska-huber.de\/?page_id=6\" data-type=\"page\" data-id=\"6\">Kontakt<\/a><\/p>\n\n\n\n<p>Auf meiner Website sehen Sie meine Therapieoptionen. Gerne sprechen Sie mich bei Fragen dazu an. Im Folgenden gibt es ein paar h\u00e4ufige vorkommende Themen plus therapeutische M\u00f6glichkeiten um &#8222;einen Eindruck bekommen&#8220;.&nbsp;<\/p>\n\n\n\n<p class=\"has-text-align-center\"><a href=\"https:\/\/migration.franziska-huber.de\/?page_id=43\">Ihr Kind ist krank? Was k\u00f6nnen Sie tun?<\/a><\/p>\n\n\n\n<p class=\"has-text-align-center\"><a href=\"https:\/\/migration.franziska-huber.de\/?page_id=43\">Sie haben kein gl\u00fcckliches Baby ?<\/a><\/p>\n\n\n\n<p class=\"has-text-align-center\"><a href=\"https:\/\/migration.franziska-huber.de\/?page_id=457\">Die Geburtssituation war f\u00fcr Sie traumatisch?<\/a><\/p>\n\n\n\n<p class=\"has-text-align-center\"><a href=\"https:\/\/migration.franziska-huber.de\/?page_id=308\">Ihr Kind hatte ein Schockerlebnis?<\/a><\/p>\n\n\n\n<p class=\"has-text-align-center\"><a href=\"https:\/\/migration.franziska-huber.de\/?page_id=41\">Sie f\u00fchlen sich freudlos, ausgebrannt?<\/a><\/p>\n\n\n\n<p class=\"has-text-align-center\"><a href=\"https:\/\/migration.franziska-huber.de\/?page_id=41\">Sie wissen nicht wohin mit ihrer Wut?<\/a><\/p>\n\n\n\n<p class=\"has-text-align-center\"><a href=\"https:\/\/migration.franziska-huber.de\/?p=29\">Ihre chronische Erkrankung nervt?<\/a><\/p>\n\n\n\n<p class=\"has-text-align-center\"><a href=\"https:\/\/migration.franziska-huber.de\/?p=33\">Schlafst\u00f6rungen?<\/a><\/p>\n\n\n\n<p>Ich freue mich darauf Sie und Ihr Kind kennenzulernen !<\/p>\n\n\n\n<p>Franziska Huber<\/p>\n<\/div><\/div>\n\n\n\n<div class=\"wp-block-group\"><div class=\"wp-block-group__inner-container is-layout-flow wp-block-group-is-layout-flow\">\n<div class=\"wp-block-group\"><div class=\"wp-block-group__inner-container is-layout-flow wp-block-group-is-layout-flow\"><\/div><\/div>\n<\/div><\/div>\n<\/div>\n<\/div>\n<\/div><\/div>\n<\/div><\/div>\n\n\n\n<p class=\"has-text-align-center has-vivid-red-color has-text-color has-regular-font-size\"><span style=\"color: #000000;\"><span style=\"font-size: 14pt;\"><em><span style=\"font-family: 'courier new', courier; line-height: 19px; background-color: #ffffff;\"><\/span><\/em><\/span><\/span><\/p>\n","protected":false},"excerpt":{"rendered":"<p>Herzlich Wilkommen in meiner Praxis in Gauting. Ich behandle Kinder und Erwachsene nach einem wertsch\u00e4tzenden ganzheitlichen Konzept. Medizin auf Augenh\u00f6he &#8211; kompetent &#8211; empathisch &#8211;&#8230;<\/p>\n<div class=\"more-link-wrapper\"><a class=\"more-link\" href=\"https:\/\/franziska-huber.de\/\">Weiterlesen<span class=\"screen-reader-text\"><\/span><\/a><\/div>\n","protected":false},"author":1,"featured_media":0,"parent":0,"menu_order":0,"comment_status":"closed","ping_status":"closed","template":"","meta":{"footnotes":""},"class_list":["post-120","page","type-page","status-publish","hentry","entry"],"_links":{"self":[{"href":"https:\/\/franziska-huber.de\/index.php?rest_route=\/wp\/v2\/pages\/120"}],"collection":[{"href":"https:\/\/franziska-huber.de\/index.php?rest_route=\/wp\/v2\/pages"}],"about":[{"href":"https:\/\/franziska-huber.de\/index.php?rest_route=\/wp\/v2\/types\/page"}],"author":[{"embeddable":true,"href":"https:\/\/franziska-huber.de\/index.php?rest_route=\/wp\/v2\/users\/1"}],"replies":[{"embeddable":true,"href":"https:\/\/franziska-huber.de\/index.php?rest_route=%2Fwp%2Fv2%2Fcomments&post=120"}],"version-history":[{"count":35,"href":"https:\/\/franziska-huber.de\/index.php?rest_route=\/wp\/v2\/pages\/120\/revisions"}],"predecessor-version":[{"id":602,"href":"https:\/\/franziska-huber.de\/index.php?rest_route=\/wp\/v2\/pages\/120\/revisions\/602"}],"wp:attachment":[{"href":"https:\/\/franziska-huber.de\/index.php?rest_route=%2Fwp%2Fv2%2Fmedia&parent=120"}],"curies":[{"name":"wp","href":"https:\/\/api.w.org\/{rel}","templated":true}]}}