{"id":308,"date":"2021-01-19T16:20:49","date_gmt":"2021-01-19T16:20:49","guid":{"rendered":"https:\/\/migration.franziska-huber.de\/?page_id=308"},"modified":"2026-04-13T14:07:11","modified_gmt":"2026-04-13T14:07:11","slug":"kindertraumatherapie","status":"publish","type":"page","link":"https:\/\/franziska-huber.de\/?page_id=308","title":{"rendered":"Kindertraumatherapie"},"content":{"rendered":"\n<p class=\"has-text-align-center\">&#8222;<strong>Ein gro\u00dfer Schreck ist Dir passiert ? &#8211; Wir helfen Dir wieder auf die Beine &#8211; Du schaffst das &#8222;!<\/strong><\/p>\n\n\n<div class=\"wp-block-image is-style-default\">\n<figure class=\"aligncenter size-large is-resized\"><img loading=\"lazy\" decoding=\"async\" width=\"1004\" height=\"1024\" src=\"https:\/\/migration.franziska-huber.de\/wp-content\/uploads\/2021\/01\/Kind_Froehlich_2-1004x1024.jpg\" alt=\"\" class=\"wp-image-312\" style=\"width:355px;height:361px\" srcset=\"https:\/\/franziska-huber.de\/wp-content\/uploads\/2021\/01\/Kind_Froehlich_2-1004x1024.jpg 1004w, https:\/\/franziska-huber.de\/wp-content\/uploads\/2021\/01\/Kind_Froehlich_2-294x300.jpg 294w, https:\/\/franziska-huber.de\/wp-content\/uploads\/2021\/01\/Kind_Froehlich_2-768x783.jpg 768w, https:\/\/franziska-huber.de\/wp-content\/uploads\/2021\/01\/Kind_Froehlich_2-1506x1536.jpg 1506w, https:\/\/franziska-huber.de\/wp-content\/uploads\/2021\/01\/Kind_Froehlich_2.jpg 1955w\" sizes=\"(max-width: 1004px) 100vw, 1004px\" \/><\/figure><\/div>\n\n<p><strong>Was ist eine Traumatische Erfahrung?<\/strong><\/p>\n<p>Ein gro\u00dfer Schreck kommt oft ganz pl\u00f6tzlich. Gemeinsam ist die Erfahrung einer starken seelischen, m\u00f6glicherweise auch k\u00f6rperliche Verletzung. Das Kind ist dieser Situation \u201eausgeliefert\u201c . Es hat keine M\u00f6glichkeit diese Situation zu bew\u00e4ltigen und erlebt ein Gef\u00fchl der Ohnmacht. Das f\u00fchrt neurophysiologisch zum <strong>\u201eAnschalten eines Notfallprogramms\u201c<\/strong> was ganz und gar allein dem \u00dcberleben dient.<\/p>\n<p><strong>Wie merke ich, dass was mit meinem Kind nicht stimmt?<\/strong><\/p>\n<p>Viele Kinder reagieren mit <strong>\u00e4hnlichen Symptomen nach einer traumatisierenden Erfahrung<\/strong>. H\u00e4ufig sind zum Beispiel Schlafst\u00f6rungen, k\u00f6rperliche Unruhe, Aggressionen, \u00c4ngste, Vermeidungsverhalten.\u00a0 Je nach Alter m\u00fcssen diese entwicklungsbezogen eingeordnet werden! Es sind in der Regel mehrere Symptome vorhanden, damit eine PTBS-Diagnose (zu deutsch = Traumafolgest\u00f6rung) gestellt wird.<strong> Hier sehen Sie noch weiter Hinweise:<\/strong><\/p>\n<ul>\n<li>Schlafst\u00f6rungen, Alptr\u00e4ume, \u201eNachtschreck\u201c<\/li>\n<li>K\u00f6rperliche Unruhe, Hibbeligkeit<\/li>\n<li>Konzentrationsprobleme<\/li>\n<li>Emotionale Labilit\u00e4t, pl\u00f6tzlich super w\u00fctend, kritikempfindlich, starkes Weinen\u2026<\/li>\n<li>\u00c4rgern, qu\u00e4len von andern Kindern,Tieren\u2026<\/li>\n<li>An den Schreck denken m\u00fcssen, sich so f\u00fchlen als sei der Schreck noch da<\/li>\n<li>Kopfweh ohne \u201eUrsache\u201c, Bauchweh ohne \u201eUrsache\u201c<\/li>\n<li>Nicht essen wollen, nicht spielen wollen<\/li>\n<li>Vermeiden von bisher problemlosen Dingen, von bestimmten Orten, Menschen, \u201eTriggern\u201c<\/li>\n<li>Pl\u00f6tzlich wie \u201eweggetreten wirken\u201c<\/li>\n<li>Enuresis, Enkopresis<\/li>\n<li>\u00c4ngste<\/li>\n<li>Zw\u00e4nge<\/li>\n<li>Selbstverletzendes Verhalten<\/li>\n<\/ul>\n<p>Es ist wichtig zu bedenken, dass ein f\u00fcr uns Erwachsene \u201ewenig dramatisches Geschehen\u201c f\u00fcr ein Kind mit einer existentiellen Schockerfahrung verbunden sein kann. Vertrauen Sie auf ihr elterliches Bauchgef\u00fchl wenn Sie den Eindruck haben &#8222;da stimmt was nicht&#8220;. Bei Babys sehen die Symptome oft ein bisschen anders aus. <a href=\"https:\/\/migration.franziska-huber.de\/?page_id=557\">Hier zeig ich Dir wie.<\/a><\/p>\n\n<div class=\"wp-block-image is-style-default\">\n<figure class=\"alignleft size-large is-resized\"><img loading=\"lazy\" decoding=\"async\" width=\"713\" height=\"1024\" src=\"https:\/\/migration.franziska-huber.de\/wp-content\/uploads\/2021\/01\/Junge2-2-713x1024.jpg\" alt=\"\" class=\"wp-image-320\" style=\"width:296px;height:425px\" srcset=\"https:\/\/franziska-huber.de\/wp-content\/uploads\/2021\/01\/Junge2-2-713x1024.jpg 713w, https:\/\/franziska-huber.de\/wp-content\/uploads\/2021\/01\/Junge2-2-209x300.jpg 209w, https:\/\/franziska-huber.de\/wp-content\/uploads\/2021\/01\/Junge2-2-768x1103.jpg 768w, https:\/\/franziska-huber.de\/wp-content\/uploads\/2021\/01\/Junge2-2-1070x1536.jpg 1070w, https:\/\/franziska-huber.de\/wp-content\/uploads\/2021\/01\/Junge2-2-1426x2048.jpg 1426w, https:\/\/franziska-huber.de\/wp-content\/uploads\/2021\/01\/Junge2-2-scaled.jpg 1783w\" sizes=\"(max-width: 713px) 100vw, 713px\" \/><\/figure><\/div>\n\n<p><strong>Was f\u00fcr Situationen k\u00f6nnen denn potenziell traumatisch sein ?<br \/><\/strong><\/p>\n<ul>\n<li>Zum Beispiel :<\/li>\n<li>Hausbrand, \u00dcberschwemmung, Erdbeben, Explosionen, ein Unfallschock,<\/li>\n<li>Zeugenschaft: Beobachten von Gewalt, Beobachten eines Unfalls, das Auffinden von Verstorbenen, Verlust eines Familienangeh\u00f6rigen<\/li>\n<li>Krankheitsbedingte Traumata oder das Erleben einer medizinischen Behandlung, die zwar notwendig ist, aber das Kind \u00fcberfordert. Traumatisches Geburtserlebnis.<\/li>\n<li>Interpersonelle oder sexuelle Gewalt, <\/li>\n<li>Vertreibung, Krieg, Unruhen, Trennung von den Bezugspersonen, Scheidung der Eltern<\/li>\n<\/ul>\n<p><strong>Mein Kind scheint traumatisiert &#8230;Was tun?<\/strong><\/p>\n<p>Die gute Nachricht ist &#8211; Ihr Kind (und sein Nervensystem) kann lernen, sich wieder zu stabilisieren! Die Seele kann wieder richtig \u201edurchatmen\u201c und das weitere \u201eWachstum\u201c kann ungest\u00f6rt ablaufen. Wie das gehen kann? Das zeige ich Ihnen mithilfe der kindgerechten Traumatherapie die wir (meist) gemeinsam mit den Eltern durchf\u00fchren. Jede Traumatherapie hat das Ziel die Erfahrung zu integrieren, so dass ihr Kind ungest\u00f6rt, im besten Fall sogar gest\u00e4rkt in seiner weitere Entwicklung voranschreiten kann!!<\/p>\n\n<div class=\"wp-block-image is-style-default\">\n<figure class=\"alignright size-large is-resized\"><img loading=\"lazy\" decoding=\"async\" width=\"390\" height=\"1024\" src=\"https:\/\/migration.franziska-huber.de\/wp-content\/uploads\/2021\/01\/Maedchen2-390x1024.jpg\" alt=\"\" class=\"wp-image-317\" style=\"width:325px;height:854px\" srcset=\"https:\/\/franziska-huber.de\/wp-content\/uploads\/2021\/01\/Maedchen2-390x1024.jpg 390w, https:\/\/franziska-huber.de\/wp-content\/uploads\/2021\/01\/Maedchen2-114x300.jpg 114w, https:\/\/franziska-huber.de\/wp-content\/uploads\/2021\/01\/Maedchen2-768x2018.jpg 768w, https:\/\/franziska-huber.de\/wp-content\/uploads\/2021\/01\/Maedchen2-779x2048.jpg 779w, https:\/\/franziska-huber.de\/wp-content\/uploads\/2021\/01\/Maedchen2-scaled.jpg 974w\" sizes=\"(max-width: 390px) 100vw, 390px\" \/><\/figure><\/div>\n\n<p><strong>Wie kann ich mir eine Traumatherapie bei Frau Huber vorstellen?<\/strong><\/p>\n<p>Da ich mit jeder Familie und jedem Kind ein individuelles Konzept erarbeite, (abh\u00e4ngig von Schreckthema, Alter, Ressourcen, Symptomen, Charakter des Kindes , Leidensdruck, Familiensituation\u2026) gibt es keinen \u201estrengen Ablauf\u201c sondern ein f\u00fcr sie individuell ma\u00dfgeschneidertes Vorgehen. Grundprinzip ist immer<\/p>\n<p style=\"text-align: center;\"><strong>&#8211; Therapie auf Augenh\u00f6he &#8211; was braucht es jetzt gerade f\u00fcr Dich ? &#8211;<br \/><\/strong><\/p>\n<p>Trotzdem m\u00f6chte ich Ihnen einen Eindruck von meiner Arbeitsweise vermitteln. Also gibt es hier ein paar &#8222;Eckdaten&#8220;:<\/p>\n<p>Inhalte jeder Traumatherapie sind <strong>Stunden zur Psychoedukation<\/strong> (wie ist unser K\u00f6rper, speziell das Gehirn aufgebaut ? Was passiert, wenn wir einen gro\u00dfen Schreck erleben ? Warum ist das eigentlich alles \u201evoll normal\u201c und nicht \u201epsycho\u201c ? Warum bleiben manche Symptome bestehen, warum schaltet der K\u00f6rper nicht von alleine zur\u00fcck in den \u201eNormalmodus\u201c, warum h\u00e4ngt \u201equasi\u201c der Schalter auf Notfallprogramm und vor allem was kann man daran ver\u00e4ndern?<\/p>\n<p><strong>Stabilisierung:<\/strong> Kinder und deren Bezugspersonen lernen selbstbestimmt und auf Augenh\u00f6he mit der Therapeutin viele ressourcenorientierte \u00dcbungen kennen und erleben spielerisch das Wiedererlangen von seelischer Gesundheit und neurobiologischer Stabilisierung (Symptomreduktion). Hierzu wird mit jedem Kind individuell nach Alter und Interessen gearbeitet.<\/p>\n<p>Zum Beispiel werden auf kreative Art und Weise sichere Orte gefunden, Helferwesen zu Rate gezogen, der K\u00f6rper, die Seele und ihre Ausdrucksweise kennengelernt und verstanden. Mit didaktisch durchdachten Methoden gewinnt das Kind wieder das Gef\u00fchl von <strong>Kontrolle, Sicherheit, Orientierung und Selbstwirksamkeit.<\/strong><\/p>\n<p>Eine <strong>Traumakonfrontation<\/strong> wird nur nach entsprechender Stabilisierung und in enger Absprache mit dem Kind durchgef\u00fchrt. Hierf\u00fcr wird die Bidschirm-Beobachtertechnik eingesetzt um das Kind maximal zu entlasten und am Ende eine <strong>positive Heldenerfahrung<\/strong> machen zu k\u00f6nnen.<\/p>\n<p><strong>Und wie lange dauert das ?<\/strong><\/p>\n<p>Ehrlich gesagt kann ich es Ihnen nicht sagen. Die gute Nachricht ist, in der Regel geht es bei Kindern schnell bergauf und die Flexibilit\u00e4t, sich wieder in Richtung Gesundheit zu orientieren, scheint mir teilweise schneller zu gehen als bei vielen Erwachsenen. So profitieren manche Kinder schon von einigen Stunden so gut, dass unsere Begleitung viel schneller \u00fcberfl\u00fcssig ist als wir dachten. Andere Kinder brauchen etwas l\u00e4nger. Manchmal zeigt sich erst w\u00e4hrend der Behandlung das Ausma\u00df des Schreckens und\/oder n\u00f6tige Ressourcen m\u00fcssen erst geschaffen werden. Dann kann sich eine Begleitung auch mal l\u00e4nger gestalten. Unterst\u00fctzend biete ich in meiner Praxis bei Bedarf auch eine begleitende<a href=\"https:\/\/migration.franziska-huber.de\/?page_id=59\"> hom\u00f6opathische Behandlung an.<\/a><\/p>\n\n<div class=\"wp-block-image is-style-default\">\n<figure class=\"aligncenter size-large is-resized\"><img loading=\"lazy\" decoding=\"async\" width=\"1024\" height=\"578\" src=\"https:\/\/migration.franziska-huber.de\/wp-content\/uploads\/2021\/01\/Flasche-1024x578.jpg\" alt=\"\" class=\"wp-image-322\" style=\"width:386px;height:217px\" srcset=\"https:\/\/franziska-huber.de\/wp-content\/uploads\/2021\/01\/Flasche-1024x578.jpg 1024w, https:\/\/franziska-huber.de\/wp-content\/uploads\/2021\/01\/Flasche-300x169.jpg 300w, https:\/\/franziska-huber.de\/wp-content\/uploads\/2021\/01\/Flasche-768x434.jpg 768w, https:\/\/franziska-huber.de\/wp-content\/uploads\/2021\/01\/Flasche-1536x867.jpg 1536w, https:\/\/franziska-huber.de\/wp-content\/uploads\/2021\/01\/Flasche-2048x1156.jpg 2048w\" sizes=\"(max-width: 1024px) 100vw, 1024px\" \/><\/figure><\/div>\n\n<p><strong>Geht es nicht vielleicht von selber wieder weg ?<br \/><\/strong><\/p>\n<p>In der Tat haben wir teilweise erstaunliche Kompensationsm\u00f6glichkeiten, um mit belastenden Erfahrungen umzugehen&#8230;..manchmal entstehen dadurch aber auch &#8222;ung\u00fcnstige&#8220; \u00dcberlebensstrategien (z.B. Vermeidungsverhalten). Zum besseren Verst\u00e4ndnis vergleichen wir die Schreckerfahrung mal mit einem Knochenbruch oder einer Hautwunde. Diese Verletzungen &#8222;heilen&#8220; ohne medizinische Versorgung&nbsp; m\u00f6glicherweise&nbsp; \u201eschief &#8222;, es kommt zu einer infizierten Wunde oder einer verst\u00e4rkten Narbenbildung. Nach einer seelischen &#8222;Wunde&#8220;, einem Vertrauens -&#8222;bruch&#8220; zeigen sich in unserem Gehirn und Nervensystem nachweisbare Ver\u00e4nderungen, die sich unter Behandlung wieder positiv zur\u00fcckbilden. Es braucht also in diesem Fall aus meiner Sicht genauso wie im k\u00f6rperlichen Verletzungsfall professionelle medizinische Begleitung.&nbsp;<\/p>\n<p style=\"text-align: center;\"><strong>\u201eJe zeitnaher die Versorgung einer seelischen Verletzung erfolgt umso besser\u201c !<\/strong><\/p>\n\n<div class=\"wp-block-image is-style-default\">\n<figure class=\"aligncenter size-large is-resized\"><img loading=\"lazy\" decoding=\"async\" width=\"558\" height=\"1024\" src=\"https:\/\/migration.franziska-huber.de\/wp-content\/uploads\/2021\/01\/Pulsatilla-1-558x1024.jpg\" alt=\"\" class=\"wp-image-323\" style=\"width:260px;height:477px\" srcset=\"https:\/\/franziska-huber.de\/wp-content\/uploads\/2021\/01\/Pulsatilla-1-558x1024.jpg 558w, https:\/\/franziska-huber.de\/wp-content\/uploads\/2021\/01\/Pulsatilla-1-164x300.jpg 164w, https:\/\/franziska-huber.de\/wp-content\/uploads\/2021\/01\/Pulsatilla-1-768x1409.jpg 768w, https:\/\/franziska-huber.de\/wp-content\/uploads\/2021\/01\/Pulsatilla-1-837x1536.jpg 837w, https:\/\/franziska-huber.de\/wp-content\/uploads\/2021\/01\/Pulsatilla-1-1116x2048.jpg 1116w, https:\/\/franziska-huber.de\/wp-content\/uploads\/2021\/01\/Pulsatilla-1-scaled.jpg 1395w\" sizes=\"(max-width: 558px) 100vw, 558px\" \/><figcaption class=\"wp-element-caption\">Arnica mont. <br>&#8222;heilt wohl so manche b\u00f6se Verletzung&#8220;<\/figcaption><\/figure><\/div>","protected":false},"excerpt":{"rendered":"<p>&#8222;Ein gro\u00dfer Schreck ist Dir passiert ? &#8211; Wir helfen Dir wieder auf die Beine &#8211; Du schaffst das &#8222;! Was ist eine Traumatische Erfahrung?&#8230;<\/p>\n<div class=\"more-link-wrapper\"><a class=\"more-link\" href=\"https:\/\/franziska-huber.de\/?page_id=308\">Weiterlesen<span class=\"screen-reader-text\">Kindertraumatherapie<\/span><\/a><\/div>\n","protected":false},"author":1,"featured_media":0,"parent":0,"menu_order":0,"comment_status":"closed","ping_status":"closed","template":"","meta":{"footnotes":""},"class_list":["post-308","page","type-page","status-publish","hentry","entry"],"_links":{"self":[{"href":"https:\/\/franziska-huber.de\/index.php?rest_route=\/wp\/v2\/pages\/308"}],"collection":[{"href":"https:\/\/franziska-huber.de\/index.php?rest_route=\/wp\/v2\/pages"}],"about":[{"href":"https:\/\/franziska-huber.de\/index.php?rest_route=\/wp\/v2\/types\/page"}],"author":[{"embeddable":true,"href":"https:\/\/franziska-huber.de\/index.php?rest_route=\/wp\/v2\/users\/1"}],"replies":[{"embeddable":true,"href":"https:\/\/franziska-huber.de\/index.php?rest_route=%2Fwp%2Fv2%2Fcomments&post=308"}],"version-history":[{"count":21,"href":"https:\/\/franziska-huber.de\/index.php?rest_route=\/wp\/v2\/pages\/308\/revisions"}],"predecessor-version":[{"id":603,"href":"https:\/\/franziska-huber.de\/index.php?rest_route=\/wp\/v2\/pages\/308\/revisions\/603"}],"wp:attachment":[{"href":"https:\/\/franziska-huber.de\/index.php?rest_route=%2Fwp%2Fv2%2Fmedia&parent=308"}],"curies":[{"name":"wp","href":"https:\/\/api.w.org\/{rel}","templated":true}]}}