{"id":513,"date":"2021-07-04T18:20:38","date_gmt":"2021-07-04T18:20:38","guid":{"rendered":"https:\/\/migration.franziska-huber.de\/?p=513"},"modified":"2024-01-04T11:31:03","modified_gmt":"2024-01-04T11:31:03","slug":"kommentare-2","status":"publish","type":"page","link":"https:\/\/franziska-huber.de\/?page_id=513","title":{"rendered":"Kommentare"},"content":{"rendered":"<pre><span style=\"color: #0000ff;\">\"Ich war mit meinem 9-j\u00e4hrigen Sohn bei Frau Huber, weil er aufgrund von Trennungs\u00e4ngsten und traumatischen Erfahrungen bzgl. des notwendigen Gangs zur Toilette nicht mehr in die Schule gehen wollte. Es war jeden Morgen sehr schwierig, ihn in die Schule zu bringen. Auf sehr einf\u00fchlsame Weise gelang es Frau Huber, einen Zugang zu meinem Sohn zu finden und die Ursache des Problems mit ihm aufzuarbeiten. Nach nur wenigen Gespr\u00e4chen verbesserte sich die Situation. Jetzt geht mein Sohn wieder ohne Angst in die Schule.\"<\/span> <\/pre>\n<section class=\"regwy2-1 kbmGmd\">\n<pre class=\"regwy2-4 jFsjrm\"><span style=\"color: #ffcc00;\">\"Wer eine gute \u00c4rztin sucht die sich f\u00fcr ihre Patienten ausreichend Zeit nimmt und neben fundiertem Fachwissen auch ein Intuitives Gesp\u00fcr f\u00fcr den richtigen Behandlungsweg hat ist bei Frau Huber genau richtig. Durch diese Mischung und dem freundlich, hell eingerichtetem Praxisraum entsteht eine unverwechselbare Atmosph\u00e4re, f\u00fcr die man sich gerne entscheiden, weil man sich gut aufgehoben f\u00fchlt.\"<\/span><\/pre>\n<\/section>\n<section class=\"regwy2-1 kbmGmd\">\n<pre class=\"regwy2-4 jFsjrm\"><span style=\"color: #008000;\">\"Frau Huber ist zu jeder Zeit, f\u00fcr die ganze Familie da. Mit Kindern ist sie einmalig und mit den Eltern auch.<\/span><br \/><span style=\"color: #008000;\">Vielen Dank daf\u00fcr !\"<\/span><\/pre>\n<\/section>\n<pre><span style=\"color: #800080;\">\"Ich war bei Frau Huber in Behandlung, weil ich den Verlauf der Geburt meiner Tochter nach 11 Jahren noch immer nicht verarbeitet hatte. Nachdem sie mit mir im Gespr\u00e4ch dieses Trauma aufgearbeitet hat, indem wir visualisierten, wie die Geburt unter anderen Bedingungen auch verlaufen h\u00e4tte k\u00f6nnen, kann ich nun gelassener mit dem Thema umgehen und sehe mich nicht mehr als so als h\u00e4tte ich damals \u201aversagt\u2018.\"<\/span> \n<\/pre>\n<section class=\"regwy2-1 kbmGmd\">\n<pre class=\"regwy2-4 jFsjrm\"><span style=\"color: #99cc00;\">\"Sehr angenehme Behandlung, herzlich und freundlich. Sch\u00f6ne Praxisr\u00e4ume.<\/span><br \/><span style=\"color: #99cc00;\">Wir sind mit der ganzen Familie bei Frau Huber und sind alle sehr zufrieden!\"<\/span><\/pre>\n<\/section>\n<pre><span style=\"color: #008000;\">\"Frau Huber schafft es, dass man sich in ihrem Spezialgebiet - der NARM-Therapie - rundum aufgehoben f\u00fchlt. Auch, wenn es bei diesen Sitzungen um viel Emotionalit\u00e4t geht, gelingt es Frau Huber immer die n\u00f6tige Balance zwischen Distanz und N\u00e4he zu wahren und somit ein Gef\u00fchl der Ruhe zu vermitteln. Sie hat ein gutes Gesp\u00fcr daf\u00fcr, worum es genau geht und, was hinter den Emotionen steht. Zudem geht sie auch mit der Verabreichung von hom\u00f6opathischen Mitteln sehr verantwortungsbewusst um.\"<\/span><\/pre>\n\n<div class=\"rcmBody\">\n<pre><span style=\"color: #ff00ff;\">\"Ich hatte \u00fcber 33 Jahre ein sehr gutes und enges Verh\u00e4ltnis zu meinem Sohn...<\/span><br \/><span style=\"color: #ff00ff;\">Nachdem er \u00fcber ein Jahr den Kontakt fast abgebrochen hat und seine Besuche eingestellt<\/span><br \/><span style=\"color: #ff00ff;\">hat, habe ich gemerkt, dass bei mir etwas nicht mehr stimmte. <\/span><span style=\"color: #ff00ff;\">Lustlosigkeit, M\u00fcdigkeit, Schlaflosigkeit und Appetitlosigkeit! <\/span><span style=\"color: #ff00ff;\">Eine beginnende Depression! <\/span><span style=\"color: #ff00ff;\">Durch Zufall fand ich den Kontakt zu Frau Huber.<\/span><br \/><span style=\"color: #ff00ff;\">Sie hat mir durch intensive Gespr\u00e4che, entspannende \u00dcbungen und Einf\u00fchlsamkeit sehr <\/span><span style=\"color: #ff00ff;\">geholfen. <\/span><span style=\"color: #ff00ff;\">Das Problem ist nicht beseitigt, doch ich habe gelernt damit umzugehen. <\/span><span style=\"color: #ff00ff;\">Heute f\u00fchle ich mich wieder wohl und habe wieder Energie.\"<\/span><\/pre>\n<div class=\"gmail_default\">\u00a0<\/div>\n<\/div>\n\n\n<div class=\"wp-block-image is-style-default\"><figure class=\"aligncenter size-large is-resized\"><img loading=\"lazy\" decoding=\"async\" src=\"https:\/\/migration.franziska-huber.de\/wp-content\/uploads\/2021\/07\/Franziska6-1-scaled.bmp\" alt=\"\" class=\"wp-image-515\" width=\"570\" height=\"613\"\/><\/figure><\/div>\n\n\n<pre>Gerne schreiben auch Sie einen Erfahrungsbericht und schicken ihn mir zur Ver\u00f6ffentlichung !<\/pre>","protected":false},"excerpt":{"rendered":"<p>&#8222;Ich war mit meinem 9-j\u00e4hrigen Sohn bei Frau Huber, weil er aufgrund von Trennungs\u00e4ngsten und traumatischen Erfahrungen bzgl. des notwendigen Gangs zur Toilette nicht mehr&#8230;<\/p>\n<div class=\"more-link-wrapper\"><a class=\"more-link\" href=\"https:\/\/franziska-huber.de\/?page_id=513\">Weiterlesen<span class=\"screen-reader-text\">Kommentare<\/span><\/a><\/div>\n","protected":false},"author":1,"featured_media":0,"parent":0,"menu_order":0,"comment_status":"closed","ping_status":"open","template":"","meta":{"footnotes":""},"class_list":["post-513","page","type-page","status-publish","hentry","entry"],"_links":{"self":[{"href":"https:\/\/franziska-huber.de\/index.php?rest_route=\/wp\/v2\/pages\/513"}],"collection":[{"href":"https:\/\/franziska-huber.de\/index.php?rest_route=\/wp\/v2\/pages"}],"about":[{"href":"https:\/\/franziska-huber.de\/index.php?rest_route=\/wp\/v2\/types\/page"}],"author":[{"embeddable":true,"href":"https:\/\/franziska-huber.de\/index.php?rest_route=\/wp\/v2\/users\/1"}],"replies":[{"embeddable":true,"href":"https:\/\/franziska-huber.de\/index.php?rest_route=%2Fwp%2Fv2%2Fcomments&post=513"}],"version-history":[{"count":5,"href":"https:\/\/franziska-huber.de\/index.php?rest_route=\/wp\/v2\/pages\/513\/revisions"}],"predecessor-version":[{"id":582,"href":"https:\/\/franziska-huber.de\/index.php?rest_route=\/wp\/v2\/pages\/513\/revisions\/582"}],"wp:attachment":[{"href":"https:\/\/franziska-huber.de\/index.php?rest_route=%2Fwp%2Fv2%2Fmedia&parent=513"}],"curies":[{"name":"wp","href":"https:\/\/api.w.org\/{rel}","templated":true}]}}

<pre><span style="color: #0000ff;">"Ich war mit meinem 9-jährigen Sohn bei Frau Huber, weil er aufgrund von Trennungsängsten und traumatischen Erfahrungen bzgl. des notwendigen Gangs zur Toilette nicht mehr in die Schule gehen wollte. Es war jeden Morgen sehr schwierig, ihn in die Schule zu bringen. Auf sehr einfühlsame Weise gelang es Frau Huber, einen Zugang zu meinem Sohn zu finden und die Ursache des Problems mit ihm aufzuarbeiten. Nach nur wenigen Gesprächen verbesserte sich die Situation. Jetzt geht mein Sohn wieder ohne Angst in die Schule."</span> </pre>
<section class="regwy2-1 kbmGmd">
<pre class="regwy2-4 jFsjrm"><span style="color: #ffcc00;">"Wer eine gute Ärztin sucht die sich für ihre Patienten ausreichend Zeit nimmt und neben fundiertem Fachwissen auch ein Intuitives Gespür für den richtigen Behandlungsweg hat ist bei Frau Huber genau richtig. Durch diese Mischung und dem freundlich, hell eingerichtetem Praxisraum entsteht eine unverwechselbare Atmosphäre, für die man sich gerne entscheiden, weil man sich gut aufgehoben fühlt."</span></pre>
</section>
<section class="regwy2-1 kbmGmd">
<pre class="regwy2-4 jFsjrm"><span style="color: #008000;">"Frau Huber ist zu jeder Zeit, für die ganze Familie da. Mit Kindern ist sie einmalig und mit den Eltern auch.</span><br /><span style="color: #008000;">Vielen Dank dafür !"</span></pre>
</section>
<pre><span style="color: #800080;">"Ich war bei Frau Huber in Behandlung, weil ich den Verlauf der Geburt meiner Tochter nach 11 Jahren noch immer nicht verarbeitet hatte. Nachdem sie mit mir im Gespräch dieses Trauma aufgearbeitet hat, indem wir visualisierten, wie die Geburt unter anderen Bedingungen auch verlaufen hätte können, kann ich nun gelassener mit dem Thema umgehen und sehe mich nicht mehr als so als hätte ich damals ‚versagt‘."</span> 
</pre>
<section class="regwy2-1 kbmGmd">
<pre class="regwy2-4 jFsjrm"><span style="color: #99cc00;">"Sehr angenehme Behandlung, herzlich und freundlich. Schöne Praxisräume.</span><br /><span style="color: #99cc00;">Wir sind mit der ganzen Familie bei Frau Huber und sind alle sehr zufrieden!"</span></pre>
</section>
<pre><span style="color: #008000;">"Frau Huber schafft es, dass man sich in ihrem Spezialgebiet - der NARM-Therapie - rundum aufgehoben fühlt. Auch, wenn es bei diesen Sitzungen um viel Emotionalität geht, gelingt es Frau Huber immer die nötige Balance zwischen Distanz und Nähe zu wahren und somit ein Gefühl der Ruhe zu vermitteln. Sie hat ein gutes Gespür dafür, worum es genau geht und, was hinter den Emotionen steht. Zudem geht sie auch mit der Verabreichung von homöopathischen Mitteln sehr verantwortungsbewusst um."</span></pre>

<div class="rcmBody">
<pre><span style="color: #ff00ff;">"Ich hatte über 33 Jahre ein sehr gutes und enges Verhältnis zu meinem Sohn...</span><br /><span style="color: #ff00ff;">Nachdem er über ein Jahr den Kontakt fast abgebrochen hat und seine Besuche eingestellt</span><br /><span style="color: #ff00ff;">hat, habe ich gemerkt, dass bei mir etwas nicht mehr stimmte. </span><span style="color: #ff00ff;">Lustlosigkeit, Müdigkeit, Schlaflosigkeit und Appetitlosigkeit! </span><span style="color: #ff00ff;">Eine beginnende Depression! </span><span style="color: #ff00ff;">Durch Zufall fand ich den Kontakt zu Frau Huber.</span><br /><span style="color: #ff00ff;">Sie hat mir durch intensive Gespräche, entspannende Übungen und Einfühlsamkeit sehr </span><span style="color: #ff00ff;">geholfen. </span><span style="color: #ff00ff;">Das Problem ist nicht beseitigt, doch ich habe gelernt damit umzugehen. </span><span style="color: #ff00ff;">Heute fühle ich mich wieder wohl und habe wieder Energie."</span></pre>
<div class="gmail_default"> </div>
</div>


<div class="wp-block-image is-style-default"><figure class="aligncenter size-large is-resized"><img loading="lazy" decoding="async" src="https://migration.franziska-huber.de/wp-content/uploads/2021/07/Franziska6-1-scaled.bmp" alt="" class="wp-image-515" width="570" height="613"/></figure></div>


<pre>Gerne schreiben auch Sie einen Erfahrungsbericht und schicken ihn mir zur Veröffentlichung !</pre>

<p>&#8222;Ich war mit meinem 9-jährigen Sohn bei Frau Huber, weil er aufgrund von Trennungsängsten und traumatischen Erfahrungen bzgl. des notwendigen Gangs zur Toilette nicht mehr&#8230;</p>
<div class="more-link-wrapper"><a class="more-link" href="https://franziska-huber.de/?page_id=513">Weiterlesen<span class="screen-reader-text">Kommentare</span></a></div>
